 be l(-1). Suppose -7*a = 48 - i. Let r = a - 46. What is the units digit of r?
6
Let k(h) = 19*h - 24. Let u = -25 - -34. Let z be k(u). Suppose z = -2*t + 413. What is the units digit of t?
3
Let u = -244 + 70. Let z be 16/(-10) + 1 - u/15. Let d(f) = 2*f**2 - 14*f + 15. What is the units digit of d(z)?
3
Let f = 342 - 336. Suppose f*s - 222 = 642. What is the hundreds digit of s?
1
Let g(q) = -4*q**3 + 12*q**2 - 3*q + 74. Let t be g(-11). Suppose -t = -5*d + 4*c, -5525 = -4*d + 10*c - 13*c. What is the hundreds digit of d?
3
What is the thousands digit of 4*7/12*-3 + (5 - -1773)?
1
Let t(p) = 12*p**3 + 5*p**2 + 11*p - 9. Let d be t(-6). What is the units digit of (-2)/(-3 + d/(-831))?
7
Let p = 143 - 128. Suppose 11*w - 16*w - p = 0. What is the hundreds digit of (38 - 1)*(w + 10)?
2
Let s be -1 - (-4)/10 - (-45)/75. Suppose s = -5*h - 29 + 9. Let j(n) = n**2 - 3*n + 6. What is the units digit of j(h)?
4
Suppose 0 = 5*z - 2*n - 1169, 295 - 1235 = -4*z + 4*n. Suppose -4*x - z = 2*r - 7*x, 0 = 4*r - x + 491. Let h = r - -220. What is the units digit of h?
6
Let h(n) = -2*n**3 + 6*n**2 + 2. Let f be h(3). Suppose 21*b - f*b = 23807. What is the hundreds digit of b?
2
Suppose -3*f - 2*a = -5 - 12, 0 = -4*f - 3*a + 21. Suppose -d = 6*t - f*t - 109, 0 = -3*d - 4*t + 314. What is the tens digit of d?
0
Let c(i) = -i**3 + 56*i**2 + 86*i - 204. What is the units digit of c(37)?
9
Let g(a) = 23*a**2 + 1 + 1065*a**3 + 60*a - 17*a**2 - 67*a. What is the thousands digit of g(1)?
1
Suppose -2594*x + 2548*x = -1470620. What is the hundreds digit of x?
9
Suppose -23 = -52*x + 51*x. Let i(o) = -o**2 + 61*o - 32. What is the hundreds digit of i(x)?
8
Suppose -4*v - 136 + 152 = 0. Suppose -m - v*m = -1830. Let s = -191 + m. What is the tens digit of s?
7
Let h(a) = a**2 + a. Let g be ((-4 + 3)*1)/1. Let y(z) = 4*z**2 + 3*z - 4. Let p(f) = g*y(f) + 5*h(f). What is the units digit of p(7)?
7
Suppose -23*f = d - 22*f - 8549, 0 = -4*d - 2*f + 34188. What is the tens digit of d?
4
Suppose -21 - 9 = -2*c. Suppose 12 = -d - 3*s, 2 = 3*d - s + 28. What is the units digit of (-3)/d - (-760)/c?
1
Let c be (8/(-8))/(1/(-5)). Suppose c*t - 581 = -2*u, 2*t = 5*t - 3. What is the hundreds digit of u?
2
Let c be 10/(-6) - 23/(-3). Let i(l) = 7*l**2 - l**3 + 10*l + 0*l**2 - 2*l - 17. What is the units digit of i(c)?
7
Suppose -5*a - 3*d = 1530, 2*a + 3*a + 1555 = 2*d. Let n = a - -816. What is the units digit of n?
7
Suppose 8*r + 138 = 4*r - 5*a, 0 = -3*r + 4*a - 88. Suppose 5*q + 7*w = 10*w + 220, -3*q + 156 = 3*w. Let m = q + r. What is the units digit of m?
5
Let u(r) be the second derivative of 11/6*r**3 + 11*r**2 + 16*r + 0 + 1/12*r**4. What is the units digit of u(-9)?
4
Let r be (-426)/(-21) - (-6)/(-21). Suppose 4*l = r, 8*i + 175 = 3*i + l. What is the tens digit of (1*6)/((-4)/i)?
5
Let g(p) = -p**2 - 14*p + 15. Let i be g(-9). Suppose 0 = -3*n + i. What is the units digit of (n - (-1 - 3)) + 1?
5
Let z = 2503 - -4129. What is the tens digit of z?
3
Let i be (0 - -3) + -9 + 74. Let p = i - -70. What is the hundreds digit of p?
1
Suppose 69*y - 72*y - 7428 = -x, 0 = -3*x - 2*y + 22240. What is the thousands digit of x?
7
Let i be ((-228)/36)/(2/12). Let h = 21 + i. Let x(f) = f**2 + 11*f - 24. What is the tens digit of x(h)?
7
Let v(b) = -b**3 - 11*b**2 - b - 1. Let z be v(-11). Suppose z*h - 1808 = -328. Suppose 3*f - 652 + h = 0. What is the hundreds digit of f?
1
Let h(k) = -k + 14. Suppose 0*c + 96 = 8*c. Let p be h(c). Suppose -3*q + 0*q = -5*g + 30, -p*q + 55 = 5*g. What is the units digit of g?
9
Let h(q) = 62*q + 144. Let a(s) = -123*s - 285. Let k(i) = 5*a(i) + 9*h(i). What is the tens digit of k(-6)?
1
Let w(t) be the second derivative of t**5/4 + 2*t**4/3 + 2*t**3 - 17*t**2/2 + 52*t. What is the hundreds digit of w(5)?
8
Let i be 6/12*1730*(-18)/(-15). What is the hundreds digit of (-32)/(-24)*i/2?
6
Let z(p) = 9*p**2 - 43*p + 483. What is the ten thousands digit of z(45)?
1
Let j(y) = -9*y + 31. Let u be (1008/(-35) - 1/5) + -2. What is the hundreds digit of j(u)?
3
Let o(t) = -2181*t**2 - 7*t + 14. Let u(k) = -k**3 - 16*k**2 + 2. Let n be u(-16). Let a be o(n). What is the tens digit of 1*4/(-10) + a/(-60)?
4
Let w be 3/((-3)/(-2)) - 0. Suppose m + 2*g - w = 6, -8 = -4*g. Suppose 3*c - 6*c = m*i - 336, 0 = 2*i + c - 168. What is the units digit of i?
4
Suppose -2*g = 5*u + 9, 8 + 10 = 7*g + u. Suppose -f - 1 = -6. Suppose 2*r = f*r, 4*r = g*o - 144. What is the tens digit of o?
4
Let u(s) = s**3 - 6*s**2 - 12*s + 38. Let z be u(7). Suppose -z*f - 127 + 595 = 0. What is the units digit of f?
6
Suppose 5*j - 5*g + 25 = 0, 10*j + g = 6*j + 5. Suppose j = 4*p - 4*s - 220, -3*p + 47 = -2*p - 5*s. What is the units digit of p?
7
Suppose -29*s + 73 + 1145 = 0. Suppose -11*g = -s*g + 2263. What is the units digit of g?
3
Suppose 13*m - 6754 = 2*m. Let d = -175 + m. What is the units digit of d?
9
Suppose -4*n = -0*m + 2*m - 64280, -5*n + 80350 = -3*m. What is the hundreds digit of n?
0
Let r = 142 - 140. Let p be ((-12)/(-21))/(r/7) + 33. Suppose -a + 23 = -p. What is the units digit of a?
8
Let u(l) = -6*l**2 - 12*l + 16. Suppose -3*m - 36 = 3*m. Let y be u(m). Let z = y - -263. What is the hundreds digit of z?
1
Let g(u) = 340*u**2 + u - 9. Let v(l) = -1019*l**2 - 3*l + 27. Let b(h) = -8*g(h) - 3*v(h). What is the thousands digit of b(2)?
1
Let m be (-2)/(-3)*27 + 27 + -32. Let c(w) = w + 6. Let z be c(6). Suppose -m*g + z*g = -4. What is the units digit of g?
4
Let y(m) be the first derivative of m**6/180 - m**5/60 - m**4/12 - 6*m**3 + 5. Let u(w) be the third derivative of y(w). What is the units digit of u(-6)?
2
Let i be 75/((-2)/((-4)/2)). Let y = 299 - i. What is the hundreds digit of y?
2
Suppose -67*z + 7716 = -70*z. Let s = 3867 + z. What is the units digit of s?
5
Suppose 40*s = 39*s + 3. Suppose n + 5*w - 289 = -n, -3*n - s*w + 447 = 0. What is the tens digit of n?
5
Suppose 20*w = -3*h + 23*w, 4*w = 3*h + 3. Suppose 0 = x + 4, 3508 = 4*y + y + h*x. What is the hundreds digit of y?
7
Let h = 10 - -2. Let a(j) = 31*j + 187. What is the units digit of a(h)?
9
Let b(x) = -2*x**3 - 2*x**2 - 2*x + 4. Let r be b(-2). Suppose r*v + 4144 = 24*v. What is the tens digit of v?
1
Let p(y) = -142*y**2 + 13*y - 10. Let n be p(2). Let a = -69 - n. What is the tens digit of a?
8
Let h = 335 + -336. What is the hundreds digit of (-24)/16*h - 554/(-4)?
1
Let t(i) = 13*i**3 + i**2 - 4*i + 7. Let f(q) = -q**3 - q**2 - 1. Let j(x) = -6*f(x) - t(x). Let n be j(-2). Suppose -u = 42 - n. What is the units digit of u?
5
Let u be (-4)/5 - 32879/(-55). Let o(w) = 4*w + 43. Let a be o(-11). What is the tens digit of u/4 - a/(-4)?
4
Suppose 0 = 4*u - 1023 - 417. Let f = -156 + u. What is the units digit of f?
4
Let f = 1215 - 517. Let u = f - 435. What is the hundreds digit of u?
2
Let r be (-34140)/(-40) + 1 + (-3)/2. Let j = r - 44. What is the units digit of j?
9
Let m be (60/9 - -2)/((-1)/(-69)). Let x = -401 + m. What is the units digit of x?
7
Let j(o) be the first derivative of 5*o**2 - 28*o + 11. Let r be j(14). Suppose -5*v + r = -v. What is the units digit of v?
8
Let r = -6642 + 49102. What is the thousands digit of r?
2
Suppose 28150 = 52*i - 42*i. What is the tens digit of i?
1
Suppose 2*h + 88460 = 7*p, -3*h + 17 - 8 = 0. What is the hundreds digit of p?
6
Let t = -1119 + 1879. Suppose -7*g + 8326 + t = 0. What is the tens digit of g?
9
Suppose 275*h = 269*h + 126834. What is the ten thousands digit of h?
2
Let r = 263 + -258. Suppose 0 = 4*w - 4, -5*w + 91 + 184 = r*v. What is the tens digit of v?
5
Let c = -99 + 111. Suppose -3*m = c, -1018 = -3*n + 22*m - 27*m. What is the hundreds digit of n?
3
Let h(q) = 4*q**2 + q - 5. Let j be -2 - (48/(-32))/((-6)/(-40)). What is the units digit of h(j)?
9
Suppose 13236 = 4*b + 4*i, i - 17928 = -5*b - 1403. Suppose 30*u - 23*u - b = 0. What is the units digit of u?
2
Let u(y) = -4*y**2 - 179*y - 648. What is the units digit of u(-28)?
8
Suppose 9*n - 273 - 834 = 0. Suppose -122*m + n*m - 4 = 0. Suppose 34 = -m*l + 146. What is the units digit of l?
8
Let i = -6980 - -10022. What is the thousands digit of i?
3
Let q = -12158 - -90485. What is the units digit of q?
7
Suppose 4*z - 24 = -3*m - 0*z, 4*m + z - 32 = 0. Le